{"id":418,"date":"2020-11-29T21:47:22","date_gmt":"2020-11-29T21:47:22","guid":{"rendered":"http:\/\/www.weninger-gems.at\/?page_id=418"},"modified":"2020-12-13T19:45:35","modified_gmt":"2020-12-13T19:45:35","slug":"turmaline-2","status":"publish","type":"page","link":"http:\/\/www.weninger-gems.at\/?page_id=418","title":{"rendered":"Turmaline"},"content":{"rendered":"\n<p>Vielseitig in den Farben, besonders die blauen Indigolithe, die gr\u00fcnen Verdelithe und die roten Rubellite sind beliebte Edelsteine. Tolle Alternative zu den &#8222;gro\u00dfen Vier&#8220;, preism\u00e4\u00dfig interessant und auch als gr\u00f6\u00dfere Steine erh\u00e4ltlich und erschwinglich!<\/p>\n\n\n\n<figure class=\"wp-block-gallery columns-2 is-cropped\"><ul class=\"blocks-gallery-grid\"><li class=\"blocks-gallery-item\"><figure><img loading=\"lazy\" width=\"1024\" height=\"984\" src=\"http:\/\/www.weninger-gems.at\/wp-content\/uploads\/2020\/11\/IMG_5241-1024x984.jpg\" alt=\"\" data-id=\"419\" data-full-url=\"http:\/\/www.weninger-gems.at\/wp-content\/uploads\/2020\/11\/IMG_5241-scaled.jpg\" data-link=\"http:\/\/www.weninger-gems.at\/?attachment_id=419\" class=\"wp-image-419\" srcset=\"http:\/\/www.weninger-gems.at\/wp-content\/uploads\/2020\/11\/IMG_5241-1024x984.jpg 1024w, http:\/\/www.weninger-gems.at\/wp-content\/uploads\/2020\/11\/IMG_5241-300x288.jpg 300w, http:\/\/www.weninger-gems.at\/wp-content\/uploads\/2020\/11\/IMG_5241-768x738.jpg 768w, http:\/\/www.weninger-gems.at\/wp-content\/uploads\/2020\/11\/IMG_5241-1536x1476.jpg 1536w, http:\/\/www.weninger-gems.at\/wp-content\/uploads\/2020\/11\/IMG_5241-2048x1968.jpg 2048w\" sizes=\"(max-width: 706px) 89vw, (max-width: 767px) 82vw, 740px\" \/><\/figure><\/li><li class=\"blocks-gallery-item\"><figure><img loading=\"lazy\" width=\"949\" height=\"1024\" src=\"http:\/\/www.weninger-gems.at\/wp-content\/uploads\/2020\/11\/IMG_5245-949x1024.jpg\" alt=\"\" data-id=\"420\" data-full-url=\"http:\/\/www.weninger-gems.at\/wp-content\/uploads\/2020\/11\/IMG_5245.jpg\" data-link=\"http:\/\/www.weninger-gems.at\/?attachment_id=420\" class=\"wp-image-420\" srcset=\"http:\/\/www.weninger-gems.at\/wp-content\/uploads\/2020\/11\/IMG_5245-949x1024.jpg 949w, http:\/\/www.weninger-gems.at\/wp-content\/uploads\/2020\/11\/IMG_5245-278x300.jpg 278w, http:\/\/www.weninger-gems.at\/wp-content\/uploads\/2020\/11\/IMG_5245-768x829.jpg 768w, http:\/\/www.weninger-gems.at\/wp-content\/uploads\/2020\/11\/IMG_5245-1423x1536.jpg 1423w, http:\/\/www.weninger-gems.at\/wp-content\/uploads\/2020\/11\/IMG_5245.jpg 1501w\" sizes=\"(max-width: 706px) 89vw, (max-width: 767px) 82vw, 740px\" \/><\/figure><\/li><\/ul><figcaption class=\"blocks-gallery-caption\">Turmalin (Rubellit) pear fac. 15,5&#215;12,3mm &#8211; 7,26ct (TUR-R04)<\/figcaption><\/figure>\n\n\n\n<figure class=\"wp-block-gallery columns-3 is-cropped\"><ul class=\"blocks-gallery-grid\"><li class=\"blocks-gallery-item\"><figure><img loading=\"lazy\" width=\"1024\" height=\"735\" src=\"http:\/\/www.weninger-gems.at\/wp-content\/uploads\/2020\/11\/IMG_4069-1024x735.jpg\" alt=\"\" data-id=\"425\" data-full-url=\"http:\/\/www.weninger-gems.at\/wp-content\/uploads\/2020\/11\/IMG_4069-scaled.jpg\" data-link=\"http:\/\/www.weninger-gems.at\/?attachment_id=425\" class=\"wp-image-425\" srcset=\"http:\/\/www.weninger-gems.at\/wp-content\/uploads\/2020\/11\/IMG_4069-1024x735.jpg 1024w, http:\/\/www.weninger-gems.at\/wp-content\/uploads\/2020\/11\/IMG_4069-300x215.jpg 300w, http:\/\/www.weninger-gems.at\/wp-content\/uploads\/2020\/11\/IMG_4069-768x551.jpg 768w, http:\/\/www.weninger-gems.at\/wp-content\/uploads\/2020\/11\/IMG_4069-1536x1103.jpg 1536w, http:\/\/www.weninger-gems.at\/wp-content\/uploads\/2020\/11\/IMG_4069-2048x1470.jpg 2048w\" sizes=\"(max-width: 706px) 89vw, (max-width: 767px) 82vw, 740px\" \/><\/figure><\/li><li class=\"blocks-gallery-item\"><figure><img loading=\"lazy\" width=\"998\" height=\"1024\" src=\"http:\/\/www.weninger-gems.at\/wp-content\/uploads\/2020\/11\/IMG_4077-998x1024.jpg\" alt=\"\" data-id=\"426\" data-full-url=\"http:\/\/www.weninger-gems.at\/wp-content\/uploads\/2020\/11\/IMG_4077.jpg\" data-link=\"http:\/\/www.weninger-gems.at\/?attachment_id=426\" class=\"wp-image-426\" srcset=\"http:\/\/www.weninger-gems.at\/wp-content\/uploads\/2020\/11\/IMG_4077-998x1024.jpg 998w, http:\/\/www.weninger-gems.at\/wp-content\/uploads\/2020\/11\/IMG_4077-292x300.jpg 292w, http:\/\/www.weninger-gems.at\/wp-content\/uploads\/2020\/11\/IMG_4077-768x788.jpg 768w, http:\/\/www.weninger-gems.at\/wp-content\/uploads\/2020\/11\/IMG_4077-1497x1536.jpg 1497w, http:\/\/www.weninger-gems.at\/wp-content\/uploads\/2020\/11\/IMG_4077.jpg 1580w\" sizes=\"(max-width: 706px) 89vw, (max-width: 767px) 82vw, 740px\" \/><\/figure><\/li><li class=\"blocks-gallery-item\"><figure><img loading=\"lazy\" width=\"1024\" height=\"1012\" src=\"http:\/\/www.weninger-gems.at\/wp-content\/uploads\/2020\/11\/IMG_4084-1024x1012.jpg\" alt=\"\" data-id=\"427\" data-full-url=\"http:\/\/www.weninger-gems.at\/wp-content\/uploads\/2020\/11\/IMG_4084.jpg\" data-link=\"http:\/\/www.weninger-gems.at\/?attachment_id=427\" class=\"wp-image-427\" srcset=\"http:\/\/www.weninger-gems.at\/wp-content\/uploads\/2020\/11\/IMG_4084-1024x1012.jpg 1024w, http:\/\/www.weninger-gems.at\/wp-content\/uploads\/2020\/11\/IMG_4084-300x297.jpg 300w, http:\/\/www.weninger-gems.at\/wp-content\/uploads\/2020\/11\/IMG_4084-768x759.jpg 768w, http:\/\/www.weninger-gems.at\/wp-content\/uploads\/2020\/11\/IMG_4084-1536x1518.jpg 1536w, http:\/\/www.weninger-gems.at\/wp-content\/uploads\/2020\/11\/IMG_4084-100x100.jpg 100w, http:\/\/www.weninger-gems.at\/wp-content\/uploads\/2020\/11\/IMG_4084.jpg 1913w\" sizes=\"(max-width: 706px) 89vw, (max-width: 767px) 82vw, 740px\" \/><\/figure><\/li><\/ul><figcaption class=\"blocks-gallery-caption\">Turmalin (Rubellit) pear Cabochon 19,2&#215;11,8mm &#8211; 13,48ct (TUR-R02) (Foto3 Komb. mit Morganit)<\/figcaption><\/figure>\n\n\n\n<figure class=\"wp-block-gallery columns-2 is-cropped\"><ul class=\"blocks-gallery-grid\"><li class=\"blocks-gallery-item\"><figure><img loading=\"lazy\" width=\"1024\" height=\"902\" src=\"http:\/\/www.weninger-gems.at\/wp-content\/uploads\/2020\/11\/IMG_5258-1024x902.jpg\" alt=\"\" data-id=\"428\" data-full-url=\"http:\/\/www.weninger-gems.at\/wp-content\/uploads\/2020\/11\/IMG_5258.jpg\" data-link=\"http:\/\/www.weninger-gems.at\/?attachment_id=428\" class=\"wp-image-428\" srcset=\"http:\/\/www.weninger-gems.at\/wp-content\/uploads\/2020\/11\/IMG_5258-1024x902.jpg 1024w, http:\/\/www.weninger-gems.at\/wp-content\/uploads\/2020\/11\/IMG_5258-300x264.jpg 300w, http:\/\/www.weninger-gems.at\/wp-content\/uploads\/2020\/11\/IMG_5258-768x677.jpg 768w, http:\/\/www.weninger-gems.at\/wp-content\/uploads\/2020\/11\/IMG_5258-1536x1353.jpg 1536w, http:\/\/www.weninger-gems.at\/wp-content\/uploads\/2020\/11\/IMG_5258.jpg 1891w\" sizes=\"(max-width: 706px) 89vw, (max-width: 767px) 82vw, 740px\" \/><\/figure><\/li><li class=\"blocks-gallery-item\"><figure><img loading=\"lazy\" width=\"1024\" height=\"623\" src=\"http:\/\/www.weninger-gems.at\/wp-content\/uploads\/2020\/11\/IMG_5261-1024x623.jpg\" alt=\"\" data-id=\"429\" data-full-url=\"http:\/\/www.weninger-gems.at\/wp-content\/uploads\/2020\/11\/IMG_5261-scaled.jpg\" data-link=\"http:\/\/www.weninger-gems.at\/?attachment_id=429\" class=\"wp-image-429\" srcset=\"http:\/\/www.weninger-gems.at\/wp-content\/uploads\/2020\/11\/IMG_5261-1024x623.jpg 1024w, http:\/\/www.weninger-gems.at\/wp-content\/uploads\/2020\/11\/IMG_5261-300x182.jpg 300w, http:\/\/www.weninger-gems.at\/wp-content\/uploads\/2020\/11\/IMG_5261-768x467.jpg 768w, http:\/\/www.weninger-gems.at\/wp-content\/uploads\/2020\/11\/IMG_5261-1536x934.jpg 1536w, http:\/\/www.weninger-gems.at\/wp-content\/uploads\/2020\/11\/IMG_5261-2048x1245.jpg 2048w\" sizes=\"(max-width: 706px) 89vw, (max-width: 767px) 82vw, 740px\" \/><\/figure><\/li><\/ul><figcaption class=\"blocks-gallery-caption\">Turmalin (Rubellit) pear fac. 14,5&#215;7,4mm &#8211; 3,24ct (TUR-R01)<\/figcaption><\/figure>\n\n\n\n<figure class=\"wp-block-gallery columns-2 is-cropped\"><ul class=\"blocks-gallery-grid\"><li class=\"blocks-gallery-item\"><figure><img loading=\"lazy\" width=\"863\" height=\"1024\" src=\"http:\/\/www.weninger-gems.at\/wp-content\/uploads\/2020\/11\/IMG_4199-863x1024.jpg\" alt=\"\" data-id=\"431\" data-full-url=\"http:\/\/www.weninger-gems.at\/wp-content\/uploads\/2020\/11\/IMG_4199.jpg\" data-link=\"http:\/\/www.weninger-gems.at\/?attachment_id=431\" class=\"wp-image-431\" srcset=\"http:\/\/www.weninger-gems.at\/wp-content\/uploads\/2020\/11\/IMG_4199-863x1024.jpg 863w, http:\/\/www.weninger-gems.at\/wp-content\/uploads\/2020\/11\/IMG_4199-253x300.jpg 253w, http:\/\/www.weninger-gems.at\/wp-content\/uploads\/2020\/11\/IMG_4199-768x911.jpg 768w, http:\/\/www.weninger-gems.at\/wp-content\/uploads\/2020\/11\/IMG_4199-1295x1536.jpg 1295w, http:\/\/www.weninger-gems.at\/wp-content\/uploads\/2020\/11\/IMG_4199.jpg 1700w\" sizes=\"(max-width: 706px) 89vw, (max-width: 767px) 82vw, 740px\" \/><\/figure><\/li><li class=\"blocks-gallery-item\"><figure><img loading=\"lazy\" width=\"947\" height=\"1024\" src=\"http:\/\/www.weninger-gems.at\/wp-content\/uploads\/2020\/11\/IMG_4210-947x1024.jpg\" alt=\"\" data-id=\"432\" data-full-url=\"http:\/\/www.weninger-gems.at\/wp-content\/uploads\/2020\/11\/IMG_4210.jpg\" data-link=\"http:\/\/www.weninger-gems.at\/?attachment_id=432\" class=\"wp-image-432\" srcset=\"http:\/\/www.weninger-gems.at\/wp-content\/uploads\/2020\/11\/IMG_4210-947x1024.jpg 947w, http:\/\/www.weninger-gems.at\/wp-content\/uploads\/2020\/11\/IMG_4210-277x300.jpg 277w, http:\/\/www.weninger-gems.at\/wp-content\/uploads\/2020\/11\/IMG_4210-768x830.jpg 768w, http:\/\/www.weninger-gems.at\/wp-content\/uploads\/2020\/11\/IMG_4210-1420x1536.jpg 1420w, http:\/\/www.weninger-gems.at\/wp-content\/uploads\/2020\/11\/IMG_4210.jpg 1475w\" sizes=\"(max-width: 706px) 89vw, (max-width: 767px) 82vw, 740px\" \/><\/figure><\/li><\/ul><figcaption class=\"blocks-gallery-caption\">Turmalin cushion Cabochon 11,2&#215;10,9mm &#8211; 7,70ct (TUR-05)<\/figcaption><\/figure>\n\n\n\n<figure class=\"wp-block-gallery columns-2 is-cropped\"><ul class=\"blocks-gallery-grid\"><li class=\"blocks-gallery-item\"><figure><img loading=\"lazy\" width=\"1024\" height=\"768\" src=\"http:\/\/www.weninger-gems.at\/wp-content\/uploads\/2020\/11\/IMG_20190707_201300-1024x768.jpg\" alt=\"\" data-id=\"434\" data-full-url=\"http:\/\/www.weninger-gems.at\/wp-content\/uploads\/2020\/11\/IMG_20190707_201300-scaled.jpg\" data-link=\"http:\/\/www.weninger-gems.at\/?attachment_id=434\" class=\"wp-image-434\" srcset=\"http:\/\/www.weninger-gems.at\/wp-content\/uploads\/2020\/11\/IMG_20190707_201300-1024x768.jpg 1024w, http:\/\/www.weninger-gems.at\/wp-content\/uploads\/2020\/11\/IMG_20190707_201300-300x225.jpg 300w, http:\/\/www.weninger-gems.at\/wp-content\/uploads\/2020\/11\/IMG_20190707_201300-768x576.jpg 768w, http:\/\/www.weninger-gems.at\/wp-content\/uploads\/2020\/11\/IMG_20190707_201300-1536x1152.jpg 1536w, http:\/\/www.weninger-gems.at\/wp-content\/uploads\/2020\/11\/IMG_20190707_201300-2048x1536.jpg 2048w\" sizes=\"(max-width: 706px) 89vw, (max-width: 767px) 82vw, 740px\" \/><\/figure><\/li><li class=\"blocks-gallery-item\"><figure><img loading=\"lazy\" width=\"936\" height=\"1024\" src=\"http:\/\/www.weninger-gems.at\/wp-content\/uploads\/2020\/11\/TUR-11-936x1024.jpg\" alt=\"\" data-id=\"435\" data-full-url=\"http:\/\/www.weninger-gems.at\/wp-content\/uploads\/2020\/11\/TUR-11.jpg\" data-link=\"http:\/\/www.weninger-gems.at\/?attachment_id=435\" class=\"wp-image-435\" srcset=\"http:\/\/www.weninger-gems.at\/wp-content\/uploads\/2020\/11\/TUR-11-936x1024.jpg 936w, http:\/\/www.weninger-gems.at\/wp-content\/uploads\/2020\/11\/TUR-11-274x300.jpg 274w, http:\/\/www.weninger-gems.at\/wp-content\/uploads\/2020\/11\/TUR-11-768x840.jpg 768w, http:\/\/www.weninger-gems.at\/wp-content\/uploads\/2020\/11\/TUR-11.jpg 984w\" sizes=\"(max-width: 706px) 89vw, (max-width: 767px) 82vw, 740px\" \/><\/figure><\/li><\/ul><figcaption class=\"blocks-gallery-caption\">Turmalin (mintgr\u00fcn) namibia cushion fac. 10,2&#215;8,7mm &#8211; 3,90ct (TUR-11)<\/figcaption><\/figure>\n\n\n\n<figure class=\"wp-block-gallery columns-2 is-cropped\"><ul class=\"blocks-gallery-grid\"><li class=\"blocks-gallery-item\"><figure><img loading=\"lazy\" width=\"700\" height=\"413\" src=\"http:\/\/www.weninger-gems.at\/wp-content\/uploads\/2020\/12\/Indigolith3.jpg\" alt=\"\" data-id=\"545\" data-link=\"http:\/\/www.weninger-gems.at\/?attachment_id=545\" class=\"wp-image-545\" srcset=\"http:\/\/www.weninger-gems.at\/wp-content\/uploads\/2020\/12\/Indigolith3.jpg 700w, http:\/\/www.weninger-gems.at\/wp-content\/uploads\/2020\/12\/Indigolith3-300x177.jpg 300w\" sizes=\"(max-width: 700px) 100vw, 700px\" \/><\/figure><\/li><li class=\"blocks-gallery-item\"><figure><img loading=\"lazy\" width=\"700\" height=\"444\" src=\"http:\/\/www.weninger-gems.at\/wp-content\/uploads\/2020\/12\/Indigolith1.jpg\" alt=\"\" data-id=\"546\" data-full-url=\"http:\/\/www.weninger-gems.at\/wp-content\/uploads\/2020\/12\/Indigolith1.jpg\" data-link=\"http:\/\/www.weninger-gems.at\/?attachment_id=546\" class=\"wp-image-546\" srcset=\"http:\/\/www.weninger-gems.at\/wp-content\/uploads\/2020\/12\/Indigolith1.jpg 700w, http:\/\/www.weninger-gems.at\/wp-content\/uploads\/2020\/12\/Indigolith1-300x190.jpg 300w\" sizes=\"(max-width: 700px) 100vw, 700px\" \/><\/figure><\/li><\/ul><figcaption class=\"blocks-gallery-caption\">Indigolith (blauer Turmalin),Afghanistan, 6,99ct<\/figcaption><\/figure>\n","protected":false},"excerpt":{"rendered":"<p>Vielseitig in den Farben, besonders die blauen Indigolithe, die gr\u00fcnen Verdelithe und die roten Rubellite sind beliebte Edelsteine. Tolle Alternative zu den &#8222;gro\u00dfen Vier&#8220;, preism\u00e4\u00dfig interessant und auch als gr\u00f6\u00dfere Steine erh\u00e4ltlich und erschwinglich!<\/p>\n","protected":false},"author":1,"featured_media":0,"parent":0,"menu_order":0,"comment_status":"closed","ping_status":"closed","template":"","meta":[],"_links":{"self":[{"href":"http:\/\/www.weninger-gems.at\/index.php?rest_route=\/wp\/v2\/pages\/418"}],"collection":[{"href":"http:\/\/www.weninger-gems.at\/index.php?rest_route=\/wp\/v2\/pages"}],"about":[{"href":"http:\/\/www.weninger-gems.at\/index.php?rest_route=\/wp\/v2\/types\/page"}],"author":[{"embeddable":true,"href":"http:\/\/www.weninger-gems.at\/index.php?rest_route=\/wp\/v2\/users\/1"}],"replies":[{"embeddable":true,"href":"http:\/\/www.weninger-gems.at\/index.php?rest_route=%2Fwp%2Fv2%2Fcomments&post=418"}],"version-history":[{"count":8,"href":"http:\/\/www.weninger-gems.at\/index.php?rest_route=\/wp\/v2\/pages\/418\/revisions"}],"predecessor-version":[{"id":585,"href":"http:\/\/www.weninger-gems.at\/index.php?rest_route=\/wp\/v2\/pages\/418\/revisions\/585"}],"wp:attachment":[{"href":"http:\/\/www.weninger-gems.at\/index.php?rest_route=%2Fwp%2Fv2%2Fmedia&parent=418"}],"curies":[{"name":"wp","href":"https:\/\/api.w.org\/{rel}","templated":true}]}}