{"id":48,"date":"2019-10-28T15:16:46","date_gmt":"2019-10-28T15:16:46","guid":{"rendered":"http:\/\/www.weninger-gems.at\/?page_id=48"},"modified":"2019-10-30T08:41:26","modified_gmt":"2019-10-30T08:41:26","slug":"edelsteine","status":"publish","type":"page","link":"http:\/\/www.weninger-gems.at\/?page_id=48","title":{"rendered":"Edelsteine"},"content":{"rendered":"\n<p>Mit gemmologischer Expertise und einem Auge f\u00fcr das Besondere bieten wir Ihnen beliebte Edelsteine und Rarit\u00e4ten aus aller Welt. <\/p>\n\n\n\n<p>Sie sind Juwelier, Goldschmied oder Sammler seltener Edelsteine? Sie finden bei uns erlesene Diamanten, Perlen aus Salz- und S\u00fc\u00dfwasser, sowie die sch\u00f6nsten Vertreter aus der Welt der Farbedelsteine. <\/p>\n\n\n\n<p>Wenn es eine Rarit\u00e4t sein soll &#8211; vom Fancy Diamond \u00fcber Conch Perlen bis hin zu farbwechselnden oder mehrf\u00e4rbigen Steinen &#8211; wir beraten Sie fachm\u00e4nnisch und finden das Passende f\u00fcr Sie. Vereinbaren Sie <a href=\"http:\/\/www.weninger-gems.at\/?page_id=10\">hier<\/a> ein unverbindliches Gespr\u00e4ch zum Kennenlernen. <\/p>\n\n\n\n<ul class=\"wp-block-gallery columns-2 is-cropped\"><li class=\"blocks-gallery-item\"><figure><img loading=\"lazy\" width=\"1024\" height=\"683\" src=\"http:\/\/www.weninger-gems.at\/wp-content\/uploads\/2019\/10\/AdobeStock_1449697-1024x683.jpeg\" alt=\"\" data-id=\"251\" data-link=\"http:\/\/www.weninger-gems.at\/?attachment_id=251\" class=\"wp-image-251\" srcset=\"http:\/\/www.weninger-gems.at\/wp-content\/uploads\/2019\/10\/AdobeStock_1449697-1024x683.jpeg 1024w, http:\/\/www.weninger-gems.at\/wp-content\/uploads\/2019\/10\/AdobeStock_1449697-300x200.jpeg 300w, http:\/\/www.weninger-gems.at\/wp-content\/uploads\/2019\/10\/AdobeStock_1449697-768x512.jpeg 768w\" sizes=\"(max-width: 706px) 89vw, (max-width: 767px) 82vw, 740px\" \/><\/figure><\/li><li class=\"blocks-gallery-item\"><figure><img loading=\"lazy\" width=\"1024\" height=\"523\" src=\"http:\/\/www.weninger-gems.at\/wp-content\/uploads\/2019\/10\/AdobeStock_114573422-1024x523.jpeg\" alt=\"\" data-id=\"252\" data-link=\"http:\/\/www.weninger-gems.at\/?attachment_id=252\" class=\"wp-image-252\" srcset=\"http:\/\/www.weninger-gems.at\/wp-content\/uploads\/2019\/10\/AdobeStock_114573422-1024x523.jpeg 1024w, http:\/\/www.weninger-gems.at\/wp-content\/uploads\/2019\/10\/AdobeStock_114573422-300x153.jpeg 300w, http:\/\/www.weninger-gems.at\/wp-content\/uploads\/2019\/10\/AdobeStock_114573422-768x392.jpeg 768w\" sizes=\"(max-width: 706px) 89vw, (max-width: 767px) 82vw, 740px\" \/><\/figure><\/li><li class=\"blocks-gallery-item\"><figure><img loading=\"lazy\" width=\"1024\" height=\"768\" src=\"http:\/\/www.weninger-gems.at\/wp-content\/uploads\/2019\/10\/IMG_0581pimped-1024x768.jpg\" alt=\"\" data-id=\"220\" data-link=\"http:\/\/www.weninger-gems.at\/?attachment_id=220\" class=\"wp-image-220\" srcset=\"http:\/\/www.weninger-gems.at\/wp-content\/uploads\/2019\/10\/IMG_0581pimped-1024x768.jpg 1024w, http:\/\/www.weninger-gems.at\/wp-content\/uploads\/2019\/10\/IMG_0581pimped-300x225.jpg 300w, http:\/\/www.weninger-gems.at\/wp-content\/uploads\/2019\/10\/IMG_0581pimped-768x576.jpg 768w, http:\/\/www.weninger-gems.at\/wp-content\/uploads\/2019\/10\/IMG_0581pimped.jpg 2048w\" sizes=\"(max-width: 706px) 89vw, (max-width: 767px) 82vw, 740px\" \/><\/figure><\/li><li class=\"blocks-gallery-item\"><figure><img loading=\"lazy\" width=\"1024\" height=\"683\" src=\"http:\/\/www.weninger-gems.at\/wp-content\/uploads\/2019\/10\/AdobeStock_200676830-1024x683.jpeg\" alt=\"\" data-id=\"254\" data-link=\"http:\/\/www.weninger-gems.at\/?attachment_id=254\" class=\"wp-image-254\" srcset=\"http:\/\/www.weninger-gems.at\/wp-content\/uploads\/2019\/10\/AdobeStock_200676830-1024x683.jpeg 1024w, http:\/\/www.weninger-gems.at\/wp-content\/uploads\/2019\/10\/AdobeStock_200676830-300x200.jpeg 300w, http:\/\/www.weninger-gems.at\/wp-content\/uploads\/2019\/10\/AdobeStock_200676830-768x512.jpeg 768w\" sizes=\"(max-width: 706px) 89vw, (max-width: 767px) 82vw, 740px\" \/><\/figure><\/li><li class=\"blocks-gallery-item\"><figure><img loading=\"lazy\" width=\"1024\" height=\"683\" src=\"http:\/\/www.weninger-gems.at\/wp-content\/uploads\/2019\/10\/AdobeStock_286275030-1024x683.jpeg\" alt=\"\" data-id=\"256\" data-link=\"http:\/\/www.weninger-gems.at\/?attachment_id=256\" class=\"wp-image-256\" srcset=\"http:\/\/www.weninger-gems.at\/wp-content\/uploads\/2019\/10\/AdobeStock_286275030-1024x683.jpeg 1024w, http:\/\/www.weninger-gems.at\/wp-content\/uploads\/2019\/10\/AdobeStock_286275030-300x200.jpeg 300w, http:\/\/www.weninger-gems.at\/wp-content\/uploads\/2019\/10\/AdobeStock_286275030-768x512.jpeg 768w\" sizes=\"(max-width: 706px) 89vw, (max-width: 767px) 82vw, 740px\" \/><\/figure><\/li><li class=\"blocks-gallery-item\"><figure><img loading=\"lazy\" width=\"1024\" height=\"679\" src=\"http:\/\/www.weninger-gems.at\/wp-content\/uploads\/2019\/10\/IMG_0584-1-1024x679.jpeg\" alt=\"\" data-id=\"221\" data-link=\"http:\/\/www.weninger-gems.at\/?attachment_id=221\" class=\"wp-image-221\" srcset=\"http:\/\/www.weninger-gems.at\/wp-content\/uploads\/2019\/10\/IMG_0584-1-1024x679.jpeg 1024w, http:\/\/www.weninger-gems.at\/wp-content\/uploads\/2019\/10\/IMG_0584-1-300x199.jpeg 300w, http:\/\/www.weninger-gems.at\/wp-content\/uploads\/2019\/10\/IMG_0584-1-768x509.jpeg 768w, http:\/\/www.weninger-gems.at\/wp-content\/uploads\/2019\/10\/IMG_0584-1.jpeg 2048w\" sizes=\"(max-width: 706px) 89vw, (max-width: 767px) 82vw, 740px\" \/><\/figure><\/li><li class=\"blocks-gallery-item\"><figure><img loading=\"lazy\" width=\"1024\" height=\"683\" src=\"http:\/\/www.weninger-gems.at\/wp-content\/uploads\/2019\/10\/AdobeStock_172479330-1024x683.jpeg\" alt=\"\" data-id=\"253\" data-link=\"http:\/\/www.weninger-gems.at\/?attachment_id=253\" class=\"wp-image-253\" srcset=\"http:\/\/www.weninger-gems.at\/wp-content\/uploads\/2019\/10\/AdobeStock_172479330-1024x683.jpeg 1024w, http:\/\/www.weninger-gems.at\/wp-content\/uploads\/2019\/10\/AdobeStock_172479330-300x200.jpeg 300w, http:\/\/www.weninger-gems.at\/wp-content\/uploads\/2019\/10\/AdobeStock_172479330-768x512.jpeg 768w\" sizes=\"(max-width: 706px) 89vw, (max-width: 767px) 82vw, 740px\" \/><\/figure><\/li><li class=\"blocks-gallery-item\"><figure><img loading=\"lazy\" width=\"1024\" height=\"685\" src=\"http:\/\/www.weninger-gems.at\/wp-content\/uploads\/2019\/10\/AdobeStock_24619287-2-1024x685.jpeg\" alt=\"\" data-id=\"258\" data-link=\"http:\/\/www.weninger-gems.at\/?attachment_id=258\" class=\"wp-image-258\" srcset=\"http:\/\/www.weninger-gems.at\/wp-content\/uploads\/2019\/10\/AdobeStock_24619287-2-1024x685.jpeg 1024w, http:\/\/www.weninger-gems.at\/wp-content\/uploads\/2019\/10\/AdobeStock_24619287-2-300x201.jpeg 300w, http:\/\/www.weninger-gems.at\/wp-content\/uploads\/2019\/10\/AdobeStock_24619287-2-768x514.jpeg 768w\" sizes=\"(max-width: 706px) 89vw, (max-width: 767px) 82vw, 740px\" \/><\/figure><\/li><\/ul>\n","protected":false},"excerpt":{"rendered":"<p>Mit gemmologischer Expertise und einem Auge f\u00fcr das Besondere bieten wir Ihnen beliebte Edelsteine und Rarit\u00e4ten aus aller Welt. Sie sind Juwelier, Goldschmied oder Sammler seltener Edelsteine? Sie finden bei uns erlesene Diamanten, Perlen aus Salz- und S\u00fc\u00dfwasser, sowie die sch\u00f6nsten Vertreter aus der Welt der Farbedelsteine. Wenn es eine Rarit\u00e4t sein soll &#8211; vom &hellip; <\/p>\n<p class=\"link-more\"><a href=\"http:\/\/www.weninger-gems.at\/?page_id=48\" class=\"more-link\"><span class=\"screen-reader-text\">\u201eEdelsteine\u201c<\/span> weiterlesen<\/a><\/p>\n","protected":false},"author":1,"featured_media":0,"parent":0,"menu_order":0,"comment_status":"closed","ping_status":"closed","template":"","meta":[],"_links":{"self":[{"href":"http:\/\/www.weninger-gems.at\/index.php?rest_route=\/wp\/v2\/pages\/48"}],"collection":[{"href":"http:\/\/www.weninger-gems.at\/index.php?rest_route=\/wp\/v2\/pages"}],"about":[{"href":"http:\/\/www.weninger-gems.at\/index.php?rest_route=\/wp\/v2\/types\/page"}],"author":[{"embeddable":true,"href":"http:\/\/www.weninger-gems.at\/index.php?rest_route=\/wp\/v2\/users\/1"}],"replies":[{"embeddable":true,"href":"http:\/\/www.weninger-gems.at\/index.php?rest_route=%2Fwp%2Fv2%2Fcomments&post=48"}],"version-history":[{"count":10,"href":"http:\/\/www.weninger-gems.at\/index.php?rest_route=\/wp\/v2\/pages\/48\/revisions"}],"predecessor-version":[{"id":260,"href":"http:\/\/www.weninger-gems.at\/index.php?rest_route=\/wp\/v2\/pages\/48\/revisions\/260"}],"wp:attachment":[{"href":"http:\/\/www.weninger-gems.at\/index.php?rest_route=%2Fwp%2Fv2%2Fmedia&parent=48"}],"curies":[{"name":"wp","href":"https:\/\/api.w.org\/{rel}","templated":true}]}}