{"id":514,"date":"2020-12-12T17:42:46","date_gmt":"2020-12-12T17:42:46","guid":{"rendered":"http:\/\/www.weninger-gems.at\/?page_id=514"},"modified":"2020-12-13T21:03:46","modified_gmt":"2020-12-13T21:03:46","slug":"granate-in-allen-farben","status":"publish","type":"page","link":"http:\/\/www.weninger-gems.at\/?page_id=514","title":{"rendered":"Granate in (fast) allen Farben"},"content":{"rendered":"\n<p>Neben den klassischen roten Granaten (b\u00f6hmische Granate, Granate aus dem Zillertal&#8230;) gibt es eine unglaubliche Vielfalt verschiedenfarbiger Granate, die teilweise zu den Top-Edelsteinen z\u00e4hlen. Der ber\u00fchmte Designer Faberge hat schon die Damen des russischen Zarenhauses mit wertvollen Schmuckst\u00fccken aus Granat geschm\u00fcckt. Der wertvolle gr\u00fcne Tsavorit, der ebenfalls gr\u00fcne Demantoid, der fantaorange Mandaringranat sind nur einige Beispiele. \u00dcbrigens: Granate gibt es in allen Farben &#8211; au\u00dfer blau! <\/p>\n\n\n\n<figure class=\"wp-block-gallery columns-3 is-cropped\"><ul class=\"blocks-gallery-grid\"><li class=\"blocks-gallery-item\"><figure><img loading=\"lazy\" width=\"1024\" height=\"978\" src=\"http:\/\/www.weninger-gems.at\/wp-content\/uploads\/2020\/12\/IMG_5033-1024x978.jpg\" alt=\"\" data-id=\"515\" data-link=\"http:\/\/www.weninger-gems.at\/?attachment_id=515\" class=\"wp-image-515\" srcset=\"http:\/\/www.weninger-gems.at\/wp-content\/uploads\/2020\/12\/IMG_5033-1024x978.jpg 1024w, http:\/\/www.weninger-gems.at\/wp-content\/uploads\/2020\/12\/IMG_5033-300x287.jpg 300w, http:\/\/www.weninger-gems.at\/wp-content\/uploads\/2020\/12\/IMG_5033-768x734.jpg 768w, http:\/\/www.weninger-gems.at\/wp-content\/uploads\/2020\/12\/IMG_5033-1536x1467.jpg 1536w, http:\/\/www.weninger-gems.at\/wp-content\/uploads\/2020\/12\/IMG_5033.jpg 1743w\" sizes=\"(max-width: 706px) 89vw, (max-width: 767px) 82vw, 740px\" \/><\/figure><\/li><li class=\"blocks-gallery-item\"><figure><img loading=\"lazy\" width=\"1024\" height=\"779\" src=\"http:\/\/www.weninger-gems.at\/wp-content\/uploads\/2020\/12\/IMG_5036-1024x779.jpg\" alt=\"\" data-id=\"516\" data-link=\"http:\/\/www.weninger-gems.at\/?attachment_id=516\" class=\"wp-image-516\" srcset=\"http:\/\/www.weninger-gems.at\/wp-content\/uploads\/2020\/12\/IMG_5036-1024x779.jpg 1024w, http:\/\/www.weninger-gems.at\/wp-content\/uploads\/2020\/12\/IMG_5036-300x228.jpg 300w, http:\/\/www.weninger-gems.at\/wp-content\/uploads\/2020\/12\/IMG_5036-768x584.jpg 768w, http:\/\/www.weninger-gems.at\/wp-content\/uploads\/2020\/12\/IMG_5036-1536x1168.jpg 1536w, http:\/\/www.weninger-gems.at\/wp-content\/uploads\/2020\/12\/IMG_5036-2048x1558.jpg 2048w\" sizes=\"(max-width: 706px) 89vw, (max-width: 767px) 82vw, 740px\" \/><\/figure><\/li><li class=\"blocks-gallery-item\"><figure><img loading=\"lazy\" width=\"1024\" height=\"683\" src=\"http:\/\/www.weninger-gems.at\/wp-content\/uploads\/2020\/12\/IMG_5048-1024x683.jpg\" alt=\"\" data-id=\"517\" data-full-url=\"http:\/\/www.weninger-gems.at\/wp-content\/uploads\/2020\/12\/IMG_5048-scaled.jpg\" data-link=\"http:\/\/www.weninger-gems.at\/?attachment_id=517\" class=\"wp-image-517\" srcset=\"http:\/\/www.weninger-gems.at\/wp-content\/uploads\/2020\/12\/IMG_5048-1024x683.jpg 1024w, http:\/\/www.weninger-gems.at\/wp-content\/uploads\/2020\/12\/IMG_5048-300x200.jpg 300w, http:\/\/www.weninger-gems.at\/wp-content\/uploads\/2020\/12\/IMG_5048-768x512.jpg 768w, http:\/\/www.weninger-gems.at\/wp-content\/uploads\/2020\/12\/IMG_5048-1536x1024.jpg 1536w, http:\/\/www.weninger-gems.at\/wp-content\/uploads\/2020\/12\/IMG_5048-2048x1365.jpg 2048w\" sizes=\"(max-width: 706px) 89vw, (max-width: 767px) 82vw, 740px\" \/><\/figure><\/li><\/ul><figcaption class=\"blocks-gallery-caption\">Mandaringranat oval, 6,99ct, leuchtend orange<\/figcaption><\/figure>\n\n\n\n<figure class=\"wp-block-gallery columns-3 is-cropped\"><ul class=\"blocks-gallery-grid\"><li class=\"blocks-gallery-item\"><figure><img loading=\"lazy\" width=\"1024\" height=\"1016\" src=\"http:\/\/www.weninger-gems.at\/wp-content\/uploads\/2020\/12\/IMG_4936-1024x1016.jpg\" alt=\"\" data-id=\"520\" data-link=\"http:\/\/www.weninger-gems.at\/?attachment_id=520\" class=\"wp-image-520\" srcset=\"http:\/\/www.weninger-gems.at\/wp-content\/uploads\/2020\/12\/IMG_4936-1024x1016.jpg 1024w, http:\/\/www.weninger-gems.at\/wp-content\/uploads\/2020\/12\/IMG_4936-300x298.jpg 300w, http:\/\/www.weninger-gems.at\/wp-content\/uploads\/2020\/12\/IMG_4936-150x150.jpg 150w, http:\/\/www.weninger-gems.at\/wp-content\/uploads\/2020\/12\/IMG_4936-768x762.jpg 768w, http:\/\/www.weninger-gems.at\/wp-content\/uploads\/2020\/12\/IMG_4936-1536x1524.jpg 1536w, http:\/\/www.weninger-gems.at\/wp-content\/uploads\/2020\/12\/IMG_4936-2048x2032.jpg 2048w, http:\/\/www.weninger-gems.at\/wp-content\/uploads\/2020\/12\/IMG_4936-100x100.jpg 100w\" sizes=\"(max-width: 706px) 89vw, (max-width: 767px) 82vw, 740px\" \/><\/figure><\/li><li class=\"blocks-gallery-item\"><figure><img loading=\"lazy\" width=\"1024\" height=\"924\" src=\"http:\/\/www.weninger-gems.at\/wp-content\/uploads\/2020\/12\/IMG_4947-1024x924.jpg\" alt=\"\" data-id=\"521\" data-link=\"http:\/\/www.weninger-gems.at\/?attachment_id=521\" class=\"wp-image-521\" srcset=\"http:\/\/www.weninger-gems.at\/wp-content\/uploads\/2020\/12\/IMG_4947-1024x924.jpg 1024w, http:\/\/www.weninger-gems.at\/wp-content\/uploads\/2020\/12\/IMG_4947-300x271.jpg 300w, http:\/\/www.weninger-gems.at\/wp-content\/uploads\/2020\/12\/IMG_4947-768x693.jpg 768w, http:\/\/www.weninger-gems.at\/wp-content\/uploads\/2020\/12\/IMG_4947-1536x1386.jpg 1536w, http:\/\/www.weninger-gems.at\/wp-content\/uploads\/2020\/12\/IMG_4947-2048x1848.jpg 2048w\" sizes=\"(max-width: 706px) 89vw, (max-width: 767px) 82vw, 740px\" \/><\/figure><\/li><li class=\"blocks-gallery-item\"><figure><img loading=\"lazy\" width=\"986\" height=\"1024\" src=\"http:\/\/www.weninger-gems.at\/wp-content\/uploads\/2020\/12\/IMG_4934-986x1024.jpg\" alt=\"\" data-id=\"522\" data-full-url=\"http:\/\/www.weninger-gems.at\/wp-content\/uploads\/2020\/12\/IMG_4934.jpg\" data-link=\"http:\/\/www.weninger-gems.at\/?attachment_id=522\" class=\"wp-image-522\" srcset=\"http:\/\/www.weninger-gems.at\/wp-content\/uploads\/2020\/12\/IMG_4934-986x1024.jpg 986w, http:\/\/www.weninger-gems.at\/wp-content\/uploads\/2020\/12\/IMG_4934-289x300.jpg 289w, http:\/\/www.weninger-gems.at\/wp-content\/uploads\/2020\/12\/IMG_4934-768x798.jpg 768w, http:\/\/www.weninger-gems.at\/wp-content\/uploads\/2020\/12\/IMG_4934-1479x1536.jpg 1479w, http:\/\/www.weninger-gems.at\/wp-content\/uploads\/2020\/12\/IMG_4934-1971x2048.jpg 1971w, http:\/\/www.weninger-gems.at\/wp-content\/uploads\/2020\/12\/IMG_4934.jpg 2010w\" sizes=\"(max-width: 706px) 89vw, (max-width: 767px) 82vw, 740px\" \/><\/figure><\/li><\/ul><figcaption class=\"blocks-gallery-caption\">Mandaringranat oval 13,54ct &#8211; intense orange, ausgesprochen selten in dieser Gr\u00f6\u00dfe!<\/figcaption><\/figure>\n\n\n\n<figure class=\"wp-block-gallery columns-3 is-cropped\"><ul class=\"blocks-gallery-grid\"><li class=\"blocks-gallery-item\"><figure><img loading=\"lazy\" width=\"486\" height=\"531\" src=\"http:\/\/www.weninger-gems.at\/wp-content\/uploads\/2020\/12\/GR-Z01.jpg\" alt=\"\" data-id=\"524\" data-link=\"http:\/\/www.weninger-gems.at\/?attachment_id=524\" class=\"wp-image-524\" srcset=\"http:\/\/www.weninger-gems.at\/wp-content\/uploads\/2020\/12\/GR-Z01.jpg 486w, http:\/\/www.weninger-gems.at\/wp-content\/uploads\/2020\/12\/GR-Z01-275x300.jpg 275w\" sizes=\"(max-width: 486px) 100vw, 486px\" \/><\/figure><\/li><li class=\"blocks-gallery-item\"><figure><img loading=\"lazy\" width=\"982\" height=\"1024\" src=\"http:\/\/www.weninger-gems.at\/wp-content\/uploads\/2020\/12\/IMG_20190707_201756-982x1024.jpg\" alt=\"\" data-id=\"525\" data-link=\"http:\/\/www.weninger-gems.at\/?attachment_id=525\" class=\"wp-image-525\" srcset=\"http:\/\/www.weninger-gems.at\/wp-content\/uploads\/2020\/12\/IMG_20190707_201756-982x1024.jpg 982w, http:\/\/www.weninger-gems.at\/wp-content\/uploads\/2020\/12\/IMG_20190707_201756-288x300.jpg 288w, http:\/\/www.weninger-gems.at\/wp-content\/uploads\/2020\/12\/IMG_20190707_201756-768x801.jpg 768w, http:\/\/www.weninger-gems.at\/wp-content\/uploads\/2020\/12\/IMG_20190707_201756-1472x1536.jpg 1472w, http:\/\/www.weninger-gems.at\/wp-content\/uploads\/2020\/12\/IMG_20190707_201756-1963x2048.jpg 1963w, http:\/\/www.weninger-gems.at\/wp-content\/uploads\/2020\/12\/IMG_20190707_201756.jpg 2010w\" sizes=\"(max-width: 706px) 89vw, (max-width: 767px) 82vw, 740px\" \/><\/figure><\/li><li class=\"blocks-gallery-item\"><figure><img loading=\"lazy\" width=\"996\" height=\"1024\" src=\"http:\/\/www.weninger-gems.at\/wp-content\/uploads\/2020\/12\/IMG_20190707_201805-996x1024.jpg\" alt=\"\" data-id=\"526\" data-full-url=\"http:\/\/www.weninger-gems.at\/wp-content\/uploads\/2020\/12\/IMG_20190707_201805-scaled.jpg\" data-link=\"http:\/\/www.weninger-gems.at\/?attachment_id=526\" class=\"wp-image-526\" srcset=\"http:\/\/www.weninger-gems.at\/wp-content\/uploads\/2020\/12\/IMG_20190707_201805-996x1024.jpg 996w, http:\/\/www.weninger-gems.at\/wp-content\/uploads\/2020\/12\/IMG_20190707_201805-292x300.jpg 292w, http:\/\/www.weninger-gems.at\/wp-content\/uploads\/2020\/12\/IMG_20190707_201805-768x790.jpg 768w, http:\/\/www.weninger-gems.at\/wp-content\/uploads\/2020\/12\/IMG_20190707_201805-1494x1536.jpg 1494w, http:\/\/www.weninger-gems.at\/wp-content\/uploads\/2020\/12\/IMG_20190707_201805-1991x2048.jpg 1991w\" sizes=\"(max-width: 706px) 89vw, (max-width: 767px) 82vw, 740px\" \/><figcaption class=\"blocks-gallery-item__caption\">cof<\/figcaption><\/figure><\/li><\/ul><figcaption class=\"blocks-gallery-caption\">Tsavorit oval, 2,91ct leuchtend gr\u00fcn<\/figcaption><\/figure>\n\n\n\n<p>Demantoide haben gr\u00f6\u00dferes Feuer als Diamanten (Bedeutung des Namens  ist &#8222;diamant\u00e4hnlich&#8220;)&#8230;<\/p>\n\n\n\n<figure class=\"wp-block-gallery columns-3 is-cropped\"><ul class=\"blocks-gallery-grid\"><li class=\"blocks-gallery-item\"><figure><img loading=\"lazy\" width=\"1024\" height=\"971\" src=\"http:\/\/www.weninger-gems.at\/wp-content\/uploads\/2020\/12\/20200319_230422-1024x971.jpg\" alt=\"\" data-id=\"531\" data-full-url=\"http:\/\/www.weninger-gems.at\/wp-content\/uploads\/2020\/12\/20200319_230422.jpg\" data-link=\"http:\/\/www.weninger-gems.at\/?attachment_id=531\" class=\"wp-image-531\" srcset=\"http:\/\/www.weninger-gems.at\/wp-content\/uploads\/2020\/12\/20200319_230422-1024x971.jpg 1024w, http:\/\/www.weninger-gems.at\/wp-content\/uploads\/2020\/12\/20200319_230422-300x284.jpg 300w, http:\/\/www.weninger-gems.at\/wp-content\/uploads\/2020\/12\/20200319_230422-768x728.jpg 768w, http:\/\/www.weninger-gems.at\/wp-content\/uploads\/2020\/12\/20200319_230422-1536x1457.jpg 1536w, http:\/\/www.weninger-gems.at\/wp-content\/uploads\/2020\/12\/20200319_230422-2048x1942.jpg 2048w\" sizes=\"(max-width: 706px) 89vw, (max-width: 767px) 82vw, 740px\" \/><\/figure><\/li><li class=\"blocks-gallery-item\"><figure><img loading=\"lazy\" width=\"1024\" height=\"943\" src=\"http:\/\/www.weninger-gems.at\/wp-content\/uploads\/2020\/12\/20200319_230143-1024x943.jpg\" alt=\"\" data-id=\"529\" data-link=\"http:\/\/www.weninger-gems.at\/?attachment_id=529\" class=\"wp-image-529\" srcset=\"http:\/\/www.weninger-gems.at\/wp-content\/uploads\/2020\/12\/20200319_230143-1024x943.jpg 1024w, http:\/\/www.weninger-gems.at\/wp-content\/uploads\/2020\/12\/20200319_230143-300x276.jpg 300w, http:\/\/www.weninger-gems.at\/wp-content\/uploads\/2020\/12\/20200319_230143-768x707.jpg 768w, http:\/\/www.weninger-gems.at\/wp-content\/uploads\/2020\/12\/20200319_230143-1536x1414.jpg 1536w, http:\/\/www.weninger-gems.at\/wp-content\/uploads\/2020\/12\/20200319_230143-2048x1886.jpg 2048w\" sizes=\"(max-width: 706px) 89vw, (max-width: 767px) 82vw, 740px\" \/><\/figure><\/li><li class=\"blocks-gallery-item\"><figure><img loading=\"lazy\" width=\"1024\" height=\"768\" src=\"http:\/\/www.weninger-gems.at\/wp-content\/uploads\/2020\/12\/DEM04-1024x768.jpg\" alt=\"\" data-id=\"530\" data-link=\"http:\/\/www.weninger-gems.at\/?attachment_id=530\" class=\"wp-image-530\" srcset=\"http:\/\/www.weninger-gems.at\/wp-content\/uploads\/2020\/12\/DEM04-1024x768.jpg 1024w, http:\/\/www.weninger-gems.at\/wp-content\/uploads\/2020\/12\/DEM04-300x225.jpg 300w, http:\/\/www.weninger-gems.at\/wp-content\/uploads\/2020\/12\/DEM04-768x576.jpg 768w, http:\/\/www.weninger-gems.at\/wp-content\/uploads\/2020\/12\/DEM04-1536x1152.jpg 1536w, http:\/\/www.weninger-gems.at\/wp-content\/uploads\/2020\/12\/DEM04-2048x1536.jpg 2048w\" sizes=\"(max-width: 706px) 89vw, (max-width: 767px) 82vw, 740px\" \/><\/figure><\/li><\/ul><figcaption class=\"blocks-gallery-caption\">Demantoide (Russ.) rund, je. ca. 3-4mm (ca. 0,15ct\/Stk.), leuchtendes gr\u00fcn<\/figcaption><\/figure>\n\n\n\n<figure class=\"wp-block-gallery columns-3 is-cropped\"><ul class=\"blocks-gallery-grid\"><li class=\"blocks-gallery-item\"><figure><img loading=\"lazy\" width=\"1024\" height=\"975\" src=\"http:\/\/www.weninger-gems.at\/wp-content\/uploads\/2020\/12\/IMG_5106-1024x975.jpg\" alt=\"\" data-id=\"539\" data-link=\"http:\/\/www.weninger-gems.at\/?attachment_id=539\" class=\"wp-image-539\" srcset=\"http:\/\/www.weninger-gems.at\/wp-content\/uploads\/2020\/12\/IMG_5106-1024x975.jpg 1024w, http:\/\/www.weninger-gems.at\/wp-content\/uploads\/2020\/12\/IMG_5106-300x286.jpg 300w, http:\/\/www.weninger-gems.at\/wp-content\/uploads\/2020\/12\/IMG_5106-768x731.jpg 768w, http:\/\/www.weninger-gems.at\/wp-content\/uploads\/2020\/12\/IMG_5106-1536x1463.jpg 1536w, http:\/\/www.weninger-gems.at\/wp-content\/uploads\/2020\/12\/IMG_5106-2048x1950.jpg 2048w\" sizes=\"(max-width: 706px) 89vw, (max-width: 767px) 82vw, 740px\" \/><\/figure><\/li><li class=\"blocks-gallery-item\"><figure><img loading=\"lazy\" width=\"933\" height=\"1024\" src=\"http:\/\/www.weninger-gems.at\/wp-content\/uploads\/2020\/12\/IMG_5111-933x1024.jpg\" alt=\"\" data-id=\"540\" data-link=\"http:\/\/www.weninger-gems.at\/?attachment_id=540\" class=\"wp-image-540\" srcset=\"http:\/\/www.weninger-gems.at\/wp-content\/uploads\/2020\/12\/IMG_5111-933x1024.jpg 933w, http:\/\/www.weninger-gems.at\/wp-content\/uploads\/2020\/12\/IMG_5111-273x300.jpg 273w, http:\/\/www.weninger-gems.at\/wp-content\/uploads\/2020\/12\/IMG_5111-768x843.jpg 768w, http:\/\/www.weninger-gems.at\/wp-content\/uploads\/2020\/12\/IMG_5111-1399x1536.jpg 1399w, http:\/\/www.weninger-gems.at\/wp-content\/uploads\/2020\/12\/IMG_5111.jpg 1655w\" sizes=\"(max-width: 706px) 89vw, (max-width: 767px) 82vw, 740px\" \/><\/figure><\/li><li class=\"blocks-gallery-item\"><figure><img loading=\"lazy\" width=\"1024\" height=\"768\" src=\"http:\/\/www.weninger-gems.at\/wp-content\/uploads\/2020\/12\/IMG_20190707_201732-1024x768.jpg\" alt=\"\" data-id=\"542\" data-full-url=\"http:\/\/www.weninger-gems.at\/wp-content\/uploads\/2020\/12\/IMG_20190707_201732-scaled.jpg\" data-link=\"http:\/\/www.weninger-gems.at\/?attachment_id=542\" class=\"wp-image-542\" srcset=\"http:\/\/www.weninger-gems.at\/wp-content\/uploads\/2020\/12\/IMG_20190707_201732-1024x768.jpg 1024w, http:\/\/www.weninger-gems.at\/wp-content\/uploads\/2020\/12\/IMG_20190707_201732-300x225.jpg 300w, http:\/\/www.weninger-gems.at\/wp-content\/uploads\/2020\/12\/IMG_20190707_201732-768x576.jpg 768w, http:\/\/www.weninger-gems.at\/wp-content\/uploads\/2020\/12\/IMG_20190707_201732-1536x1152.jpg 1536w, http:\/\/www.weninger-gems.at\/wp-content\/uploads\/2020\/12\/IMG_20190707_201732-2048x1536.jpg 2048w\" sizes=\"(max-width: 706px) 89vw, (max-width: 767px) 82vw, 740px\" \/><\/figure><\/li><\/ul><figcaption class=\"blocks-gallery-caption\">Demantoid in au\u00dfergew\u00f6hnlicher Gr\u00f6\u00dfe oval (Namibia) 4,54ct gelbl.gr\u00fcn<\/figcaption><\/figure>\n\n\n\n<figure class=\"wp-block-gallery columns-3 is-cropped\"><ul class=\"blocks-gallery-grid\"><li class=\"blocks-gallery-item\"><figure><img loading=\"lazy\" width=\"966\" height=\"1024\" src=\"http:\/\/www.weninger-gems.at\/wp-content\/uploads\/2020\/12\/IMG_5251-966x1024.jpg\" alt=\"\" data-id=\"533\" data-link=\"http:\/\/www.weninger-gems.at\/?attachment_id=533\" class=\"wp-image-533\" srcset=\"http:\/\/www.weninger-gems.at\/wp-content\/uploads\/2020\/12\/IMG_5251-966x1024.jpg 966w, http:\/\/www.weninger-gems.at\/wp-content\/uploads\/2020\/12\/IMG_5251-283x300.jpg 283w, http:\/\/www.weninger-gems.at\/wp-content\/uploads\/2020\/12\/IMG_5251-768x814.jpg 768w, http:\/\/www.weninger-gems.at\/wp-content\/uploads\/2020\/12\/IMG_5251-1450x1536.jpg 1450w, http:\/\/www.weninger-gems.at\/wp-content\/uploads\/2020\/12\/IMG_5251-1933x2048.jpg 1933w\" sizes=\"(max-width: 706px) 89vw, (max-width: 767px) 82vw, 740px\" \/><\/figure><\/li><li class=\"blocks-gallery-item\"><figure><img loading=\"lazy\" width=\"1024\" height=\"683\" src=\"http:\/\/www.weninger-gems.at\/wp-content\/uploads\/2020\/12\/IMG_5250-1024x683.jpg\" alt=\"\" data-id=\"534\" data-link=\"http:\/\/www.weninger-gems.at\/?attachment_id=534\" class=\"wp-image-534\" srcset=\"http:\/\/www.weninger-gems.at\/wp-content\/uploads\/2020\/12\/IMG_5250-1024x683.jpg 1024w, http:\/\/www.weninger-gems.at\/wp-content\/uploads\/2020\/12\/IMG_5250-300x200.jpg 300w, http:\/\/www.weninger-gems.at\/wp-content\/uploads\/2020\/12\/IMG_5250-768x512.jpg 768w, http:\/\/www.weninger-gems.at\/wp-content\/uploads\/2020\/12\/IMG_5250-1536x1024.jpg 1536w, http:\/\/www.weninger-gems.at\/wp-content\/uploads\/2020\/12\/IMG_5250-2048x1365.jpg 2048w\" sizes=\"(max-width: 706px) 89vw, (max-width: 767px) 82vw, 740px\" \/><\/figure><\/li><li class=\"blocks-gallery-item\"><figure><img loading=\"lazy\" width=\"1024\" height=\"605\" src=\"http:\/\/www.weninger-gems.at\/wp-content\/uploads\/2020\/12\/IMG_5252-1024x605.jpg\" alt=\"\" data-id=\"536\" data-full-url=\"http:\/\/www.weninger-gems.at\/wp-content\/uploads\/2020\/12\/IMG_5252-scaled.jpg\" data-link=\"http:\/\/www.weninger-gems.at\/?attachment_id=536\" class=\"wp-image-536\" srcset=\"http:\/\/www.weninger-gems.at\/wp-content\/uploads\/2020\/12\/IMG_5252-1024x605.jpg 1024w, http:\/\/www.weninger-gems.at\/wp-content\/uploads\/2020\/12\/IMG_5252-300x177.jpg 300w, http:\/\/www.weninger-gems.at\/wp-content\/uploads\/2020\/12\/IMG_5252-768x454.jpg 768w, http:\/\/www.weninger-gems.at\/wp-content\/uploads\/2020\/12\/IMG_5252-1536x908.jpg 1536w, http:\/\/www.weninger-gems.at\/wp-content\/uploads\/2020\/12\/IMG_5252-2048x1210.jpg 2048w\" sizes=\"(max-width: 706px) 89vw, (max-width: 767px) 82vw, 740px\" \/><\/figure><\/li><\/ul><figcaption class=\"blocks-gallery-caption\">Royal Garnet, pear (Tropfen) 6,44ct in leuchtend tiefem rot\/violett<\/figcaption><\/figure>\n\n\n\n<figure class=\"wp-block-gallery columns-3 is-cropped\"><ul class=\"blocks-gallery-grid\"><li class=\"blocks-gallery-item\"><figure><img loading=\"lazy\" width=\"1024\" height=\"821\" src=\"http:\/\/www.weninger-gems.at\/wp-content\/uploads\/2020\/12\/P1150281-1024x821.jpg\" alt=\"\" data-id=\"593\" data-link=\"http:\/\/www.weninger-gems.at\/?attachment_id=593\" class=\"wp-image-593\" srcset=\"http:\/\/www.weninger-gems.at\/wp-content\/uploads\/2020\/12\/P1150281-1024x821.jpg 1024w, http:\/\/www.weninger-gems.at\/wp-content\/uploads\/2020\/12\/P1150281-300x240.jpg 300w, http:\/\/www.weninger-gems.at\/wp-content\/uploads\/2020\/12\/P1150281-768x616.jpg 768w, http:\/\/www.weninger-gems.at\/wp-content\/uploads\/2020\/12\/P1150281-1536x1231.jpg 1536w, http:\/\/www.weninger-gems.at\/wp-content\/uploads\/2020\/12\/P1150281.jpg 2030w\" sizes=\"(max-width: 706px) 89vw, (max-width: 767px) 82vw, 740px\" \/><\/figure><\/li><li class=\"blocks-gallery-item\"><figure><img loading=\"lazy\" width=\"1024\" height=\"721\" src=\"http:\/\/www.weninger-gems.at\/wp-content\/uploads\/2020\/12\/P1150278-1024x721.jpg\" alt=\"\" data-id=\"594\" data-link=\"http:\/\/www.weninger-gems.at\/?attachment_id=594\" class=\"wp-image-594\" srcset=\"http:\/\/www.weninger-gems.at\/wp-content\/uploads\/2020\/12\/P1150278-1024x721.jpg 1024w, http:\/\/www.weninger-gems.at\/wp-content\/uploads\/2020\/12\/P1150278-300x211.jpg 300w, http:\/\/www.weninger-gems.at\/wp-content\/uploads\/2020\/12\/P1150278-768x541.jpg 768w, http:\/\/www.weninger-gems.at\/wp-content\/uploads\/2020\/12\/P1150278-1536x1082.jpg 1536w, http:\/\/www.weninger-gems.at\/wp-content\/uploads\/2020\/12\/P1150278-2048x1443.jpg 2048w\" sizes=\"(max-width: 706px) 89vw, (max-width: 767px) 82vw, 740px\" \/><\/figure><\/li><li class=\"blocks-gallery-item\"><figure><img loading=\"lazy\" width=\"1024\" height=\"634\" src=\"http:\/\/www.weninger-gems.at\/wp-content\/uploads\/2020\/12\/P1150290-1024x634.jpg\" alt=\"\" data-id=\"595\" data-full-url=\"http:\/\/www.weninger-gems.at\/wp-content\/uploads\/2020\/12\/P1150290-scaled.jpg\" data-link=\"http:\/\/www.weninger-gems.at\/?attachment_id=595\" class=\"wp-image-595\" srcset=\"http:\/\/www.weninger-gems.at\/wp-content\/uploads\/2020\/12\/P1150290-1024x634.jpg 1024w, http:\/\/www.weninger-gems.at\/wp-content\/uploads\/2020\/12\/P1150290-300x186.jpg 300w, http:\/\/www.weninger-gems.at\/wp-content\/uploads\/2020\/12\/P1150290-768x475.jpg 768w, http:\/\/www.weninger-gems.at\/wp-content\/uploads\/2020\/12\/P1150290-1536x951.jpg 1536w, http:\/\/www.weninger-gems.at\/wp-content\/uploads\/2020\/12\/P1150290-2048x1268.jpg 2048w\" sizes=\"(max-width: 706px) 89vw, (max-width: 767px) 82vw, 740px\" \/><\/figure><\/li><\/ul><figcaption class=\"blocks-gallery-caption\">Granat P\u00e4rchen Cushion shape 7,35ct &#8211; deep purple (lila)<\/figcaption><\/figure>\n\n\n\n<figure class=\"wp-block-gallery columns-3 is-cropped\"><ul class=\"blocks-gallery-grid\"><li class=\"blocks-gallery-item\"><figure><img loading=\"lazy\" width=\"500\" height=\"500\" src=\"http:\/\/www.weninger-gems.at\/wp-content\/uploads\/2020\/12\/Spessartin-rot1.jpg\" alt=\"\" data-id=\"598\" data-link=\"http:\/\/www.weninger-gems.at\/?attachment_id=598\" class=\"wp-image-598\" srcset=\"http:\/\/www.weninger-gems.at\/wp-content\/uploads\/2020\/12\/Spessartin-rot1.jpg 500w, http:\/\/www.weninger-gems.at\/wp-content\/uploads\/2020\/12\/Spessartin-rot1-300x300.jpg 300w, http:\/\/www.weninger-gems.at\/wp-content\/uploads\/2020\/12\/Spessartin-rot1-150x150.jpg 150w, http:\/\/www.weninger-gems.at\/wp-content\/uploads\/2020\/12\/Spessartin-rot1-100x100.jpg 100w\" sizes=\"(max-width: 500px) 100vw, 500px\" \/><\/figure><\/li><li class=\"blocks-gallery-item\"><figure><img loading=\"lazy\" width=\"500\" height=\"500\" src=\"http:\/\/www.weninger-gems.at\/wp-content\/uploads\/2020\/12\/Spessartin-rot3.jpg\" alt=\"\" data-id=\"599\" data-link=\"http:\/\/www.weninger-gems.at\/?attachment_id=599\" class=\"wp-image-599\" srcset=\"http:\/\/www.weninger-gems.at\/wp-content\/uploads\/2020\/12\/Spessartin-rot3.jpg 500w, http:\/\/www.weninger-gems.at\/wp-content\/uploads\/2020\/12\/Spessartin-rot3-300x300.jpg 300w, http:\/\/www.weninger-gems.at\/wp-content\/uploads\/2020\/12\/Spessartin-rot3-150x150.jpg 150w, http:\/\/www.weninger-gems.at\/wp-content\/uploads\/2020\/12\/Spessartin-rot3-100x100.jpg 100w\" sizes=\"(max-width: 500px) 100vw, 500px\" \/><\/figure><\/li><li class=\"blocks-gallery-item\"><figure><img loading=\"lazy\" width=\"500\" height=\"500\" src=\"http:\/\/www.weninger-gems.at\/wp-content\/uploads\/2020\/12\/Spessartin-rot2.jpg\" alt=\"\" data-id=\"600\" data-full-url=\"http:\/\/www.weninger-gems.at\/wp-content\/uploads\/2020\/12\/Spessartin-rot2.jpg\" data-link=\"http:\/\/www.weninger-gems.at\/?attachment_id=600\" class=\"wp-image-600\" srcset=\"http:\/\/www.weninger-gems.at\/wp-content\/uploads\/2020\/12\/Spessartin-rot2.jpg 500w, http:\/\/www.weninger-gems.at\/wp-content\/uploads\/2020\/12\/Spessartin-rot2-300x300.jpg 300w, http:\/\/www.weninger-gems.at\/wp-content\/uploads\/2020\/12\/Spessartin-rot2-150x150.jpg 150w, http:\/\/www.weninger-gems.at\/wp-content\/uploads\/2020\/12\/Spessartin-rot2-100x100.jpg 100w\" sizes=\"(max-width: 500px) 100vw, 500px\" \/><\/figure><\/li><\/ul><figcaption class=\"blocks-gallery-caption\">Spessartingranat oval Cabochon 10,39ct &#8211; rot-orange<\/figcaption><\/figure>\n\n\n\n<figure class=\"wp-block-gallery columns-3 is-cropped\"><ul class=\"blocks-gallery-grid\"><li class=\"blocks-gallery-item\"><figure><img loading=\"lazy\" width=\"700\" height=\"602\" src=\"http:\/\/www.weninger-gems.at\/wp-content\/uploads\/2020\/12\/Spessartin1.jpg\" alt=\"\" data-id=\"602\" data-link=\"http:\/\/www.weninger-gems.at\/?attachment_id=602\" class=\"wp-image-602\" srcset=\"http:\/\/www.weninger-gems.at\/wp-content\/uploads\/2020\/12\/Spessartin1.jpg 700w, http:\/\/www.weninger-gems.at\/wp-content\/uploads\/2020\/12\/Spessartin1-300x258.jpg 300w\" sizes=\"(max-width: 700px) 100vw, 700px\" \/><\/figure><\/li><li class=\"blocks-gallery-item\"><figure><img loading=\"lazy\" width=\"700\" height=\"595\" src=\"http:\/\/www.weninger-gems.at\/wp-content\/uploads\/2020\/12\/Spessartin6.jpg\" alt=\"\" data-id=\"603\" data-link=\"http:\/\/www.weninger-gems.at\/?attachment_id=603\" class=\"wp-image-603\" srcset=\"http:\/\/www.weninger-gems.at\/wp-content\/uploads\/2020\/12\/Spessartin6.jpg 700w, http:\/\/www.weninger-gems.at\/wp-content\/uploads\/2020\/12\/Spessartin6-300x255.jpg 300w\" sizes=\"(max-width: 700px) 100vw, 700px\" \/><\/figure><\/li><li class=\"blocks-gallery-item\"><figure><img loading=\"lazy\" width=\"700\" height=\"615\" src=\"http:\/\/www.weninger-gems.at\/wp-content\/uploads\/2020\/12\/Spessartin3.jpg\" alt=\"\" data-id=\"604\" data-full-url=\"http:\/\/www.weninger-gems.at\/wp-content\/uploads\/2020\/12\/Spessartin3.jpg\" data-link=\"http:\/\/www.weninger-gems.at\/?attachment_id=604\" class=\"wp-image-604\" srcset=\"http:\/\/www.weninger-gems.at\/wp-content\/uploads\/2020\/12\/Spessartin3.jpg 700w, http:\/\/www.weninger-gems.at\/wp-content\/uploads\/2020\/12\/Spessartin3-300x264.jpg 300w\" sizes=\"(max-width: 700px) 100vw, 700px\" \/><\/figure><\/li><\/ul><figcaption class=\"blocks-gallery-caption\">Mandaringranat oval Cabochon, 18,57ct &#8211; fantaorange<\/figcaption><\/figure>\n","protected":false},"excerpt":{"rendered":"<p>Neben den klassischen roten Granaten (b\u00f6hmische Granate, Granate aus dem Zillertal&#8230;) gibt es eine unglaubliche Vielfalt verschiedenfarbiger Granate, die teilweise zu den Top-Edelsteinen z\u00e4hlen. Der ber\u00fchmte Designer Faberge hat schon die Damen des russischen Zarenhauses mit wertvollen Schmuckst\u00fccken aus Granat geschm\u00fcckt. Der wertvolle gr\u00fcne Tsavorit, der ebenfalls gr\u00fcne Demantoid, der fantaorange Mandaringranat sind nur einige &hellip; <\/p>\n<p class=\"link-more\"><a href=\"http:\/\/www.weninger-gems.at\/?page_id=514\" class=\"more-link\"><span class=\"screen-reader-text\">\u201eGranate in (fast) allen Farben\u201c<\/span> weiterlesen<\/a><\/p>\n","protected":false},"author":1,"featured_media":0,"parent":0,"menu_order":0,"comment_status":"closed","ping_status":"closed","template":"","meta":[],"_links":{"self":[{"href":"http:\/\/www.weninger-gems.at\/index.php?rest_route=\/wp\/v2\/pages\/514"}],"collection":[{"href":"http:\/\/www.weninger-gems.at\/index.php?rest_route=\/wp\/v2\/pages"}],"about":[{"href":"http:\/\/www.weninger-gems.at\/index.php?rest_route=\/wp\/v2\/types\/page"}],"author":[{"embeddable":true,"href":"http:\/\/www.weninger-gems.at\/index.php?rest_route=\/wp\/v2\/users\/1"}],"replies":[{"embeddable":true,"href":"http:\/\/www.weninger-gems.at\/index.php?rest_route=%2Fwp%2Fv2%2Fcomments&post=514"}],"version-history":[{"count":12,"href":"http:\/\/www.weninger-gems.at\/index.php?rest_route=\/wp\/v2\/pages\/514\/revisions"}],"predecessor-version":[{"id":605,"href":"http:\/\/www.weninger-gems.at\/index.php?rest_route=\/wp\/v2\/pages\/514\/revisions\/605"}],"wp:attachment":[{"href":"http:\/\/www.weninger-gems.at\/index.php?rest_route=%2Fwp%2Fv2%2Fmedia&parent=514"}],"curies":[{"name":"wp","href":"https:\/\/api.w.org\/{rel}","templated":true}]}}