{"id":52,"date":"2019-10-28T15:17:38","date_gmt":"2019-10-28T15:17:38","guid":{"rendered":"http:\/\/www.weninger-gems.at\/?page_id=52"},"modified":"2019-10-30T10:41:10","modified_gmt":"2019-10-30T10:41:10","slug":"expertise","status":"publish","type":"page","link":"http:\/\/www.weninger-gems.at\/?page_id=52","title":{"rendered":"Expertise"},"content":{"rendered":"\n<p>In der Welt der Edelsteine findet man so manche Rarit\u00e4t, so manches St\u00fcck zum g\u00fcnstigen Preis. Man erbt, verschenkt, kauft ein Erinnerungsst\u00fcck im Urlaub.<br>Wir sind Ihr fachkundiger Partner wenn es um die Bestimmung Ihrer Edelsteine und Schmuckst\u00fccke geht. Wir beraten Sie beim Ankauf oder der Anfertigung ma\u00dfgeschneiderter Juwelen.<\/p>\n\n\n\n<div class=\"wp-block-image\"><figure class=\"aligncenter\"><img loading=\"lazy\" width=\"1024\" height=\"625\" src=\"http:\/\/www.weninger-gems.at\/wp-content\/uploads\/2019\/10\/AdobeStock_293752718-1024x625.jpeg\" alt=\"\" class=\"wp-image-268\" srcset=\"http:\/\/www.weninger-gems.at\/wp-content\/uploads\/2019\/10\/AdobeStock_293752718-1024x625.jpeg 1024w, http:\/\/www.weninger-gems.at\/wp-content\/uploads\/2019\/10\/AdobeStock_293752718-300x183.jpeg 300w, http:\/\/www.weninger-gems.at\/wp-content\/uploads\/2019\/10\/AdobeStock_293752718-768x468.jpeg 768w\" sizes=\"(max-width: 706px) 89vw, (max-width: 767px) 82vw, 740px\" \/><\/figure><\/div>\n","protected":false},"excerpt":{"rendered":"<p>In der Welt der Edelsteine findet man so manche Rarit\u00e4t, so manches St\u00fcck zum g\u00fcnstigen Preis. Man erbt, verschenkt, kauft ein Erinnerungsst\u00fcck im Urlaub.Wir sind Ihr fachkundiger Partner wenn es um die Bestimmung Ihrer Edelsteine und Schmuckst\u00fccke geht. Wir beraten Sie beim Ankauf oder der Anfertigung ma\u00dfgeschneiderter Juwelen.<\/p>\n","protected":false},"author":1,"featured_media":0,"parent":0,"menu_order":0,"comment_status":"closed","ping_status":"closed","template":"","meta":[],"_links":{"self":[{"href":"http:\/\/www.weninger-gems.at\/index.php?rest_route=\/wp\/v2\/pages\/52"}],"collection":[{"href":"http:\/\/www.weninger-gems.at\/index.php?rest_route=\/wp\/v2\/pages"}],"about":[{"href":"http:\/\/www.weninger-gems.at\/index.php?rest_route=\/wp\/v2\/types\/page"}],"author":[{"embeddable":true,"href":"http:\/\/www.weninger-gems.at\/index.php?rest_route=\/wp\/v2\/users\/1"}],"replies":[{"embeddable":true,"href":"http:\/\/www.weninger-gems.at\/index.php?rest_route=%2Fwp%2Fv2%2Fcomments&post=52"}],"version-history":[{"count":5,"href":"http:\/\/www.weninger-gems.at\/index.php?rest_route=\/wp\/v2\/pages\/52\/revisions"}],"predecessor-version":[{"id":269,"href":"http:\/\/www.weninger-gems.at\/index.php?rest_route=\/wp\/v2\/pages\/52\/revisions\/269"}],"wp:attachment":[{"href":"http:\/\/www.weninger-gems.at\/index.php?rest_route=%2Fwp%2Fv2%2Fmedia&parent=52"}],"curies":[{"name":"wp","href":"https:\/\/api.w.org\/{rel}","templated":true}]}}